- 13 = 0. Suppose g + w = y, -3*w - 4 = w. Suppose 5*u = g*u + 6. List the prime factors of u.
2, 3
Let o = 2 + 1. Suppose 3*h = 2*p + 74, -o*p + 33 = -3*h + 111. List the prime factors of h.
2, 11
Suppose 0 = -5*h + 1 - 21. What are the prime factors of 176/10 - h/10?
2, 3
Suppose -8*q = -11*q - 24. What are the prime factors of 2 + q + 3 - -32?
29
Suppose 5*y + 14 = 7*y. List the prime factors of (y + 0 + 0)*1.
7
Suppose 0 = -a - 2*a - 3*f - 9, 3*a = -5*f - 19. Let i be 3 + (-2)/6*0. Suppose 0 = 2*k + k - 2*m - 5, i*k - 25 = -a*m. List the prime factors of k.
5
Suppose 4*h = h + y + 401, -4*h + 5*y = -520. List the prime factors of h.
3, 5
Let i be (1 + -73)/(0 - 1). Suppose z + z + i = 0. Let y = -22 - z. What are the prime factors of y?
2, 7
Suppose 76 = 5*r + 26. Let h be 1/3 - r/(-6). Suppose -5*m + 0 = -5, 0 = -h*k + 5*m + 15. List the prime factors of k.
2, 5
Suppose j - 6 = -j. Suppose -3*u + 4*u = i - 6, j*u + 10 = -5*i. Let p(f) = 12*f**3 - 2*f + 1. List the prime factors of p(i).
11
Let i(f) be the first derivative of f**2/2 + 10*f - 2. Let l = 5 - 5. What are the prime factors of i(l)?
2, 5
Let r = 10 + -8. Suppose -4*t = -5*w + 73, -w + 5*t + 4 - r = 0. List the prime factors of w.
17
Suppose 12 = y - 30. What are the prime factors of y?
2, 3, 7
Let c = -40 + 24. Let y = c - -23. Let t(p) = p**3 - 6*p**2 - 6*p + 4. What are the prime factors of t(y)?
11
Let p be (-1)/(-3)*(4 + 2). Let n(z) be the second derivative of 3*z**5/20 - z**4/3 + z**3/6 + z**2 + z. List the prime factors of n(p).
2, 3
Suppose c + 2*c - 123 = 0. List the prime factors of c.
41
Let f(t) = -11*t**3 + t**2 - t + 1. Let b be f(1). What are the prime factors of (b/(-6))/(10/12)?
2
Let r be (-6)/9 - 11/(-3). Let v be 90/r*4/5. Suppose -u + v = 3*u - 3*c, -5*u = -3*c - 27. What are the prime factors of u?
3
Let h(x) = x + 1. Let s be h(2). Suppose -f - s*f = -28. List the prime factors of f.
7
Suppose 0 = -c + b + 63, c - 224 = -2*c - 4*b. Suppose -z + 5 + 3 = 0. Suppose -c = -5*o - z. What are the prime factors of o?
2, 3
Let k = 2 + -2. Suppose -2*f + 0*f + 8 = k. Suppose -2*s - 6 = -f*s. List the prime factors of s.
3
Suppose h - 66 = 4*h. Let q = -10 - h. Let w = -3 + q. List the prime factors of w.
3
Suppose -4*q + 17 = -5*k - 7, 0 = 2*q - k - 18. Suppose -l - q = -2*l. Let z = l - 2. List the prime factors of z.
3
Let q = -2 + 1. List the prime factors of q + 3 + -1 + 11.
2, 3
Suppose -3*t + 25 + 95 = 0. Suppose 7*m - t = 3*m. Suppose -3*d = -d - m. List the prime factors of d.
5
Suppose 3*x = 4*p + 21, -2*x = 5*p + 3 + 6. Suppose -57 - x = -5*h. What are the prime factors of h?
2, 3
Let a = 45 + -52. Let r be ((-2)/4)/(2/56). Let q = a - r. List the prime factors of q.
7
Let x be (-2 + 2 - -1) + 18. Suppose 4*p + 3*z - 15 = 0, 5*p + 4*z = -0*z + x. What are the prime factors of (-1 - 0)/(p/(-15))?
5
Let r = -2 + 6. Let f = r - -8. List the prime factors of f.
2, 3
List the prime factors of (12 - 0)/(5 + -4).
2, 3
Let r(b) = 7*b + 6. What are the prime factors of r(3)?
3
Let n = -7 + 9. Suppose -n*p + 22 - 6 = 0. What are the prime factors of p?
2
Let d(r) = r**3 + 12*r**2 + 6*r + 2. What are the prime factors of d(-11)?
3, 19
Let j(d) = 8*d - 44. What are the prime factors of j(7)?
2, 3
Suppose 0 = -2*u - 2. Let b(f) = -4*f. What are the prime factors of b(u)?
2
Let r(l) = 2*l**3 - 4*l**2 - l - 2. List the prime factors of r(4).
2, 29
What are the prime factors of (-7)/(-7) - (-112 + -2)?
5, 23
Suppose 2*l - 15 = -3*t, -5*l - t + 45 = 14. Let i(j) = j**2 - 4*j - 7. What are the prime factors of i(l)?
5
Let z(v) = v**2 + 12*v + 16. What are the prime factors of z(-15)?
61
Let y = 71 - 42. Let b = 14 - -3. Let h = y - b. List the prime factors of h.
2, 3
What are the prime factors of (0 - 3)/(18/(-384))?
2
Let u be (-4)/(2/((-2)/(-1))). Let o(d) = d**3 + 5*d**2 + 2*d + 5. List the prime factors of o(u).
13
Let m be 1 + (8 + -1 - 1). Let g(a) = -a**3 + 6*a**2 + 8*a - 7. Let o be g(6). Suppose 4*i - o = 5*y, m = -2*i - 5*y - 10. List the prime factors of i.
2
Let r(u) = u**2 - 8*u + 1. Let n be r(7). Let l = n - -9. Suppose -2*h + h = -5*z + 23, 5 = l*z - 5*h. List the prime factors of z.
5
Let r(w) = -24*w + 39. List the prime factors of r(-5).
3, 53
Suppose -24 = -3*t - 4*k, -4*k + k + 32 = 4*t. Let a = t + -5. List the prime factors of (-2 + a)/((-1)/(-5)).
5
Let t = -45 - -107. What are the prime factors of t?
2, 31
Let v(n) = -2*n + 5. Let z be v(-5). Let l(f) = f**2 + 4 + 0*f**2 - 27*f + z*f. List the prime factors of l(13).
17
Let p be (4/5)/(6/15). Let y = p + 2. Let d(v) = 2*v**2 - 6*v + 4. What are the prime factors of d(y)?
2, 3
Suppose 5*z - 2*z = -18. List the prime factors of (-44)/z*3 - 1.
3, 7
Let w(j) = -10*j - 8. What are the prime factors of w(-2)?
2, 3
Suppose 3*j - 8*j = z - 13, 5*z - 65 = -2*j. What are the prime factors of z?
13
Let a = 100 - -12. List the prime factors of a.
2, 7
Let a(w) = w**2 + 2*w - 3. Let j = 1 + 3. Suppose -12 = -j*d + 7*d. List the prime factors of a(d).
5
Let d be 18 + (-9)/(-3) + -1. Suppose -4*z = a - 1 - 2, -4*a = d. Suppose q - z = 3. What are the prime factors of q?
5
Let w be (3/6)/((-3)/(-144)). Suppose 9*p - 5*p = w. What are the prime factors of p?
2, 3
Let s = 1 - -4. Let b(p) = p**3 + 0*p**3 - 6*p**2 + 6*p + 4 - p. What are the prime factors of b(s)?
2
Suppose -2*g + 234 = 4*g. List the prime factors of g.
3, 13
Suppose -4*m + 2*m = -12. Let u(c) = -11 - 8*c + m*c - 4. List the prime factors of u(-11).
7
Let z = 64 - 30. What are the prime factors of z?
2, 17
Let a(q) = 4*q**3 - 9*q**3 + 6*q**2 - 7*q + 3 + q + 4*q**3. What are the prime factors of a(4)?
11
Let t = 31 - -52. List the prime factors of t.
83
Let z(g) = -7*g + 12*g + 2 + 1 - 9*g + g**2. List the prime factors of z(6).
3, 5
Suppose -2*n + 2*g = 46 - 386, -160 = -n - g. List the prime factors of n.
3, 5, 11
Let z be 2 + 2*(-1 + -1). What are the prime factors of (8/6)/(z/(-12))?
2
Let j(d) = 5*d + 1. Suppose 3*v + v = 20. Let i be j(v). What are the prime factors of 1/2 - i/(-4)?
7
Let q = 3 - 0. Let w = 1 - 0. Suppose 2*x - w - q = 0. List the prime factors of x.
2
Let b(o) = o**2 + o + 4. Suppose 0 = 10*n - 15*n. List the prime factors of b(n).
2
Let y = 66 + -46. List the prime factors of y.
2, 5
Let x(a) = 2*a**2 + a**2 - a - 2*a**2 + 7 - a**3. What are the prime factors of x(0)?
7
Let a(t) = t**3 - 6*t**2 + 7*t - 6. Let x be a(5). Suppose 3*v = -5*g + 48, 4*g + x = -2*v + 34. List the prime factors of v.
3, 7
Let b be (-3)/(-6)*0/(-1). Suppose 3*p - 91 + 22 = b. List the prime factors of p.
23
Let h(m) = -m**2 + 8*m + 3. Let o be h(8). List the prime factors of (2 + -1)*17 + o.
2, 5
Let p = -1 + 3. Suppose 42 = 5*i + 7. Let d = i - p. What are the prime factors of d?
5
Let a(w) = -8*w + 7. Let b be a(7). Let l = -29 - b. List the prime factors of l.
2, 5
Suppose 4*x + 11 = 195. List the prime factors of x.
2, 23
Suppose 6 = -2*a + 2. Let u be (2/(-5))/(a/10). Suppose -u*w = -11 - 13. What are the prime factors of w?
2, 3
Let r be 2 - (-2)/(-2 + 0). List the prime factors of (4 - 0)/(r/3).
2, 3
Let q(j) = 4*j + 1. Suppose -u - 3*d - 5 = 0, -u + d - 1 = 2*d. List the prime factors of q(u).
5
Let w(a) = -a**2 - 7*a - 1. Let l be w(-6). Suppose l*n - 29 = 3*u - u, 4*n - 16 = 4*u. Suppose -n*t + 40 = -3*t. List the prime factors of t.
2, 5
Let g be (-3 + 3)*(-2)/6. Suppose 4*v - 4 = -g*v, -4*y + 5*v = -15. Suppose 6 = 2*d - 5*s, 0 = 4*d - y*s - 31 - 1. What are the prime factors of d?
13
Let f(j) = -3*j - 2. Let w(q) = 4*q + 2. Let m(k) = -3*f(k) - 2*w(k). What are the prime factors of m(0)?
2
Let k = -165 - -510. List the prime factors of k.
3, 5, 23
Let w = 7 + -7. Let n(v) = v**2 + 5 + 3 + 2. What are the prime factors of n(w)?
2, 5
Let a(n) = n**3 + 5*n**2 + n - 5. Suppose -3 = r + 1. List the prime factors of a(r).
7
Let l(d) = d - 13. Let s be l(9). Let v = s - -7. Suppose 4*q = -3*p + 41, -v*q - 9 + 48 = 3*p. What are the prime factors of p?
11
Let y = 48 - 28. List the prime factors of y/(-7)*(-28)/8.
2, 5
Let h = 23 - 23. Suppose -4*u + 5*x + 106 = h, 8*x + 48 = 2*u + 3*x. What are the prime factors of u?
29
Let r = 2 - 2. Suppose r = -5*q - 2 + 32. List the prime factors of q.
2, 3
What are the prime factors of -22*92/(-8) - 